*k**2 + 9414*k - 214. Give x(42).
38
Let x(w) = -994*w - 6272. What is x(-6)?
-308
Let w(g) = 418*g - 52955. Give w(124).
-1123
Let b(z) = -11360*z + 965594. Give b(85).
-6
Let d(m) = m**3 - 25*m**2 - 253*m + 6772. What is d(24)?
124
Let p(d) = d**3 + 6*d**2 - 567*d + 235. What is p(-27)?
235
Let f(n) = -178*n - 19168. Calculate f(-104).
-656
Let s(w) = 133*w + 2748. Determine s(-21).
-45
Let z(k) = -k**3 - 433*k**2 - 792*k + 30267. What is z(-431)?
97
Let k(f) = -8*f**3 + 44*f**2 - 13*f + 109. Calculate k(6).
-113
Let c(k) = 1173*k - 283632. What is c(242)?
234
Let q(w) = 188*w - 2565. What is q(8)?
-1061
Let q(c) = -c**2 + 271*c + 812. What is q(-3)?
-10
Let h(y) = -y**2 - 261*y + 6412. What is h(-284)?
-120
Let p(x) = -3*x**3 - 350*x**2 - 2545*x + 28398. Determine p(-108).
-6
Let t(j) = 9*j**2 - 77*j - 2003. Determine t(-12).
217
Let i(w) = -w**3 - 63*w**2 + 1612*w - 1022. Give i(19).
4
Let t(d) = 9928*d + 337503. Give t(-34).
-49
Let q(h) = 29*h**2 + 7*h - 428. Determine q(8).
1484
Let v(n) = n**2 + 668*n - 64848. Give v(86).
-4
Let g(r) = 2057*r - 6860. Calculate g(3).
-689
Let z(g) = 2*g**2 - 140*g + 1330. Calculate z(53).
-472
Let l(z) = -3267*z + 1767426. Determine l(541).
-21
Let o(x) = -263*x**2 - 306*x - 87. What is o(-1)?
-44
Let j(n) = -128373*n + 513485. What is j(4)?
-7
Let c(y) = y**3 - 6566*y**2 - 52605*y - 99. Give c(-8).
5
Let r(k) = 3*k**3 + 63*k**2 + 139*k + 238. What is r(-20)?
-1342
Let a(j) = -7*j**3 - 5*j**2 + 83*j + 499. Determine a(-4).
535
Let y(v) = 3117*v + 1583433. Give y(-508).
-3
Let p(u) = -23*u**2 - 11531*u - 770147. Determine p(-422).
3
Let n(v) = v**2 - 123*v - 32474. Determine n(-129).
34
Let u(a) = 69*a**2 - 10314*a - 10387. Determine u(-1).
-4
Let f(l) = -4443*l - 70814. What is f(-16)?
274
Let i(c) = 204*c**3 - 2446*c**2 - 20*c - 46. Give i(12).
2
Let s(c) = 2*c**3 - 80*c**2 - 4392*c - 698. Give s(71).
12
Let z(d) = 3*d**2 - 1405*d - 7122. Determine z(-5).
-22
Let u(m) = 5*m**2 + 723*m - 31399. Calculate u(35).
31
Let w(a) = 51475*a - 669177. Give w(13).
-2
Let a(g) = -9*g**2 + 249*g - 1451. Give a(8).
-35
Let m(t) = t**2 - 137*t + 374. Give m(100).
-3326
Let o(n) = 3*n**2 - 6227*n - 31171. Determine o(-5).
39
Let q(x) = 281*x + 65446. Calculate q(-233).
-27
Let l(o) = -288*o + 70606. What is l(245)?
46
Let s(x) = -x**3 + 38*x**2 + 6430*x - 244365. Give s(38).
-25
Let u(v) = 39*v**2 + 371*v - 28068. What is u(-32)?
-4
Let s(l) = 18*l**2 + 1307*l + 10914. Determine s(-63).
15
Let k(t) = t**3 + 22*t**2 + 2096*t + 36432. Determine k(-18).
0
Let t(v) = -119*v**2 - 1171*v - 11. What is t(-12)?
-3095
Let w(r) = -r**3 + 6*r**2 + 2119*r - 16823. Give w(8).
1
Let u(m) = 269447*m + 41494832. What is u(-154)?
-6
Let n(f) = -3*f**2 + 11911*f - 35728. Calculate n(3).
-22
Let m(j) = -10483*j - 1970799. Calculate m(-188).
5
Let r(b) = 547*b - 14505. Give r(27).
264
Let r(l) = -9082*l + 63592. Determine r(7).
18
Let n(m) = 63*m + 12876. Calculate n(-205).
-39
Let r(f) = -3*f**3 - 99*f**2 - 373*f - 5854. Calculate r(-31).
-57
Let a(b) = -9*b**3 - b**2 - 95*b + 517. Give a(4).
-455
Let g(j) = 5527*j**2 - 66331*j + 67. Calculate g(12).
-17
Let t(v) = -223434*v + 2904642. What is t(13)?
0
Let w(c) = 94*c**2 - 1036*c - 170. What is w(11)?
-192
Let k(u) = 2*u**2 + 93*u - 1929. Determine k(19).
560
Let j(u) = 76*u**2 - 1057*u + 852. What is j(13)?
-45
Let l(o) = -6*o**2 - 915*o + 8279. Give l(9).
-442
Let q(x) = -2*x**3 - 60*x**2 + 7*x - 193. Give q(-30).
-403
Let k(t) = -t**3 + 78*t**2 - 534*t + 203. What is k(7)?
-56
Let u(l) = -2*l**2 + 45*l + 1493. Calculate u(-24).
-739
Let q(o) = -1201*o**2 + 49241*o + 5. Calculate q(41).
5
Let y(r) = r**2 + 98420*r - 1574974. Give y(16).
2
Let b(k) = 97*k**3 + 127*k**2 + 132*k + 4. Determine b(-1).
-98
Let j(q) = 5*q**3 - 492*q**2 + 1178*q - 2502. What is j(96)?
-6
Let o(j) = 16*j**2 - 89*j - 576. What is o(9)?
-81
Let g(c) = c**2 - 44999*c - 2523084. What is g(-56)?
-4
Let y(t) = -86477*t - 2248405. What is y(-26)?
-3
Let m(a) = 17316*a + 103937. Determine m(-6).
41
Let c(y) = -8*y**2 + 798*y + 3183. What is c(-4)?
-137
Let f(d) = 783*d - 3739. Give f(5).
176
Let a(b) = 3*b**2 - 120*b - 7113. Calculate a(-32).
-201
Let f(b) = -398*b**2 - 1201*b + 3. Give f(-4).
-1561
Let q(f) = -f**3 - 33*f**2 + 390*f - 1564. Calculate q(-43).
156
Let a(n) = -9*n**2 + 72*n + 17. Determine a(-15).
-3088
Let a(k) = 8*k**3 - 123*k**2 - 484*k + 29. Determine a(-4).
-515
Let u(n) = n**2 + 39*n - 7010. Calculate u(-107).
266
Let x(f) = 1886*f + 21647. Calculate x(-11).
901
Let h(d) = 12*d**2 + 2*d - 235. What is h(7)?
367
Let t(m) = -41*m**2 - 115*m - 193. What is t(-4)?
-389
Let z(i) = 2423*i - 31778. Calculate z(13).
-279
Let m(r) = 2*r**2 - 628*r + 41815. Calculate m(94).
455
Let c(b) = -48*b**2 + 5420*b + 471. Determine c(113).
19
Let z(y) = 12236*y + 1125717. Determine z(-92).
5
Let i(x) = 33*x**3 - 20*x**2 - 32*x + 32. What is i(1)?
13
Let h(z) = -9*z**3 + 6843*z**2 + 25207*z + 3820. Determine h(764).
0
Let o(t) = 397*t - 13146. Calculate o(32).
-442
Let o(f) = 39509*f + 395097. Give o(-10).
7
Let m(l) = -115*l**2 - 25*l + 43. Give m(-4).
-1697
Let r(t) = t**3 + 42*t**2 + 481*t - 2. Give r(-18).
-884
Let k(i) = 2878*i - 37339. Give k(13).
75
Let u(w) = 52*w**2 - 198*w - 68. Calculate u(4).
-28
Let h(d) = -6*d**2 + 1193*d - 58953. Give h(107).
4
Let g(k) = -54909*k - 439261. Calculate g(-8).
11
Let z(x) = 2*x**3 - 42*x**2 - 748*x + 15079. Calculate z(20).
-681
Let r(q) = -22*q**3 - 2148*q**2 + 783*q - 404. Determine r(-98).
-306
Let z(c) = 92954*c - 4182929. Determine z(45).
1
Let c(a) = -116*a**2 - 1359*a - 887. What is c(-11)?
26
Let q(l) = 616*l - 2041. Calculate q(2).
-809
Let m(d) = -21*d + 2687. Calculate m(124).
83
Let l(y) = -3*y**3 + 492*y**2 - 480*y - 1447. Determine l(163).
20
Let r(z) = -1509*z + 123759. Determine r(82).
21
Let v(p) = 224*p + 3247. Determine v(-12).
559
Let g(p) = -26*p**2 - 450*p + 971. What is g(-19)?
135
Let c(f) = -f**2 - 57*f - 976. Determine c(-48).
-544
Let t(c) = 11598*c + 127714. What is t(-11)?
136
Let h(q) = -q**3 + 44*q**2 + 547*q - 24056. Calculate h(44).
12
Let c(n) = 3*n**2 - 356*n - 13060. Give c(148).
-36
Let t(g) = 58*g - 7034. Determine t(121).
-16
Let g(f) = 120*f**2 - 1895*f + 6546. What is g(5)?
71
Let n(b) = 2*b**3 - 109*b**2 + 637*b + 2683. What is n(47)?
-513
Let k(y) = y**2 + 429938*y + 3439448. Determine k(-8).
8
Let g(u) = -970*u + 52378. Give g(54).
-2
Let y(q) = -q**3 + 137*q**2 - 146*q + 1884. Determine y(136).
524
Let m(t) = 24*t**3 + 116*t**2 - 149*t + 29. Calculate m(-6).
-85
Let t(c) = -2213*c + 714532. Give t(323).
-267
Let z(i) = 8931*i - 44614. Calculate z(5).
41
Let s(k) = k**2 - 1663*k + 79311. Calculate s(49).
225
Let r(i) = 53832*i - 12435179. Calculate r(231).
13
Let c(x) = 9*x**3 - 892*x**2 + 103*x - 625. Calculate c(99).
-229
Let k(t) = -3346*t + 267676. Calculate k(80).
-4
Let u(s) = 7*s**2 + 1450*s - 28368. Give u(18).
0
Let p(l) = -l + 151. Calculate p(85).
66
Let h(y) = 3*y**3 - 9*y**2 - 3*y - 1996. What is h(11)?
875
Let d(p) = p**3 + 6*p**2 - 204*p + 216. Determine d(-12).
1800
Let n(b) = b**3 - 34*b**2 - 425*b - 3426. What is n(45)?
-276
Let t(z) = 79394*z - 476366. Give t(6).
-2
Let v(g) = -2*g**3 - 10*g**2 + 176*g + 456. Give v(-11).
-28
Let w(o) = -3*o**2 - 44385*o + 88773. What is w(2)?
-9
Let l(o) = -19*o**2 + 430*o - 140. Determine l(5).
1535
Let s(m) = -26*m**2 + 920*m + 588. Calculate s(36).
12
Let i(a) = -2*a**3 + 434*a**2 - 1282*a - 39. Give i(3).
-33
Let w(b) = 198123*b + 198224. Give w(-1).
101
Let z(o) = -2*o**2 + 9025*o - 99260. Calculate z(11).
-227
Let z(c) = -c**3 + 171*c**2 - 6542*c - 1364. What is z(113)?
-8
Let q(m) = -380*m - 400. Calculate q(-1).
-20
Let c(z) = z**3 - 154*z**2 + 3216*z + 971. What is c(129)?
-190
Let h(t) = -1084*t + 13996. Give h(13).
-96
Let v(w) = w**2 - 907*w + 12511. Determine v(14).
9
Let p(a) = -3*a**2 - 5101*a + 466492. Determine p(87).
-2
Let x(w) = -w**2 - 1504*w - 17898. What is x(-12)?
6
Let f(c) = -386*c**2 - 5810*c - 82. What is f(-15)?
218
Let i(z) = -426*z**2 + 31907*z + 3222. Determine i(75).
-3
Let r(z) = -375*z + 20741. Give r(49).
2366
Let r(f) = -640075*f + 1920176. Determine r(3).
-49
Let y(l) = -4*l**3 + 186*l**2 + 2752*l + 2567. Calculate y(-1).
5
Let a(m)